5*t - f. What are the prime factors of t?
2, 3
Let r be 0 - 0 - -2*113. Let d = -135 + r. Suppose -d = -q + 6. What are the prime factors of q?
97
Let c(a) = a**2 - 25*a + 213. Let h(k) = 2*k**3 - 16*k**2 + 4*k + 5. Let j be h(8). List the prime factors of c(j).
3, 73
Let b be (6/(-9))/((-1)/474). Let c(s) = -29*s + 30. Let g be c(-6). Let l = b - g. What are the prime factors of l?
2, 7
Let w = 220 + -240. What are the prime factors of (-7996)/w + (-6)/(-30)?
2, 5
Suppose 3*y = 4*y + 106. Suppose -164*j + 58 = -166*j. Let l = j - y. What are the prime factors of l?
7, 11
Let a = -6 - -9. Suppose -2*s = d + a*s - 256, 3*s = 2*d - 486. What are the prime factors of d?
2, 3, 41
Let s = 51 + -25. Suppose -44 = -5*y - 4*c, 0*y + s = 3*y + 2*c. List the prime factors of 24/(4*4/y).
2, 3
Suppose 2*s = 5*s + 2*f - 15, 20 = 4*s - f. Suppose -3*z + 862 = b - 300, -s*b = -5*z + 1970. List the prime factors of z.
389
Let o(l) = 26*l**2 + l - 1. Let p be o(-2). Let k = p - -21. What are the prime factors of k?
2, 61
Let t(i) = 12*i**2 + 15*i + 44. Let j be t(-15). Suppose 29 = -15*a + j. List the prime factors of a.
2, 83
List the prime factors of ((-6094)/(-5))/(-16 - (-1312)/80).
11, 277
List the prime factors of 15/3 - 13 - (10 - 14094).
2, 3, 17, 23
Let b(a) = -76*a - 24. Let d be b(-15). Suppose -5*z - d = -11*z. Suppose 0 = -8*t + 2*t + z. What are the prime factors of t?
31
Suppose -2*i - 3*s + 19 = -8*s, 3*s - 77 = -4*i. Suppose 41 = 8*t + i. List the prime factors of t.
3
Suppose 7*h - 11*h - 391 = -3*r, 2*r + 2*h - 242 = 0. List the prime factors of r.
5
Suppose -31*q = -136280 - 105817 - 245099. List the prime factors of q.
2, 3929
Let l(x) = 3*x**2 - 6*x - 37. Suppose 10*m - 12*m + z - 25 = 0, 0 = z + 1. What are the prime factors of l(m)?
2, 137
Suppose -3*h = 4*u + 3, -3*u = -4*h + 14 + 7. Let r = u - 4. Let o = 28 + r. What are the prime factors of o?
3, 7
Suppose 0*c = 3*m + 3*c - 837, -9*c = -2*m + 514. What are the prime factors of m?
5, 11
Let l(c) = c**3 - 7*c**2 + 2. Let f be l(7). Let a(d) = 3*d**f - 4*d**2 - 3 + 1 + 2*d**2. List the prime factors of a(8).
2, 31
Suppose -6*v + 28 = 130. Let r(u) = -2*u - 30. Let y be r(v). Suppose o - 2*k - k = 147, -2*o + y*k + 296 = 0. List the prime factors of o.
2, 3, 5
Suppose 8*b = -15105 + 4633. What are the prime factors of 6/(-18)*(b + -8)?
439
Suppose -159*o + 1067286 - 267675 = 0. List the prime factors of o.
47, 107
Suppose -4095 = -2*b - b - 3*k, 2*b + 5*k = 2733. Suppose 3*p = -y + b, -4*y - 7*p + 5432 = -3*p. What are the prime factors of y?
5, 271
Suppose 4*t = 2*w - 0*w - 17324, -w + 5*t = -8680. What are the prime factors of w?
2, 5, 173
Let x(c) = 5070*c + 602. List the prime factors of x(5).
2, 811
Let b(g) = -6*g**3 - 8*g**2 - 10*g. Let r(c) = -c**3 + c + 1. Let y(u) = b(u) - 3*r(u). Let n be y(-5). List the prime factors of n/(-4 - -7) + 0.
79
Suppose 97*d + 4218 = 32057. What are the prime factors of d?
7, 41
Suppose 3953 = 2*y - 10049. List the prime factors of y.
7001
Suppose -h + 3*w - 1 = 0, -3*w + 0 - 1 = -2*h. Let z be (-216)/((h/(-12))/((-10)/(-20))). Suppose 0 = -2*a - 6*a + z. What are the prime factors of a?
3
Let j = -287 + 456. Suppose 0 = k + 5*p - j, -4*p - 791 = -5*k + 112. Let s = k + -95. What are the prime factors of s?
2, 3, 7
Suppose 49*h - 265145 = 181196. List the prime factors of h.
9109
Let f(n) = -n**2 + 6*n - 5. Let j be f(7). Let z be 44/((2/j)/((-2)/8)). What are the prime factors of (-4)/22 - 156*(-39)/z?
2, 23
Let a be ((-6)/(-24))/((-11)/(-88)). List the prime factors of a/(-3)*((-1698)/12 + -4).
97
Let n be (-7)/(-42) + (-17)/(-6). Let d(v) = -v**2 - 2. Let r(b) = -b**2 + b - 3. Let z(g) = -3*d(g) + 2*r(g). List the prime factors of z(n).
3, 5
List the prime factors of -5 - (2 - (21227 + -4 + 4)).
2, 5, 1061
Suppose 16*s - 10 = -5*n + 11*s, 4*n + s = 2. Suppose 132*q - 121*q - 11011 = n. What are the prime factors of q?
7, 11, 13
Let z(v) = -v**3 - 12*v**2 + 43*v + 3. Let b(x) = -5*x + 92. Let c be b(22). List the prime factors of z(c).
3, 17, 23
Suppose -8*l + 3 = -7*l. Suppose 0 = -3*w - l*a + 1287, -1177 = -3*w - 4*a + 110. List the prime factors of w.
3, 11, 13
Let b(d) = -2*d - 19. Let s be b(-14). Suppose -5*u - 52 = -s*u. What are the prime factors of u - 8 - (2 + -1)?
2
Suppose -16 = 4*g, 0 = -13*j + 14*j + g - 6. List the prime factors of 106/(-8)*(-22 + j).
3, 53
Suppose 5*k - 2*n = 232, -5*k + 9*n + 228 = 6*n. Let m(q) = q**2 + 3. Let c be m(0). List the prime factors of (k - 1)*1 - c.
2, 11
Let n(x) = -19*x + 0 - 4 + 22*x + x**2. Let r be n(-4). Suppose 2*b + 2*b + 3*f - 357 = r, -3*b = 4*f - 273. List the prime factors of b.
3, 29
Suppose 69634 - 49633 = 5*l - 77829. What are the prime factors of l?
2, 3, 1087
Suppose -3*o = 15, 12*q = 11*q - 5*o - 27. List the prime factors of (-2 - (-2186)/q)*(-4)/10.
2, 3, 73
Suppose -279851 = -18*v - 68981. What are the prime factors of v?
3, 5, 11, 71
Suppose -2*q + 4*q - 90 = -2*n, -q + 57 = -5*n. Suppose -5*y - a - a = -263, -y + q = -a. Let w = y + -25. List the prime factors of w.
2, 13
Let d(m) = -m**3 + 18*m**2 - 10*m - 4. Suppose i = -30 + 50. Let u be d(i). List the prime factors of (u/4)/((-4)/4).
251
Let h(c) = -29*c - 1 - 2 + 12 - 30*c. Suppose -4*g - 13 - 9 = -3*a, 4*a - 8 = 0. What are the prime factors of h(g)?
5, 7
Let o be 1*10*(-9)/(-15). Suppose -2*f + 558 = f. Suppose 0 = 2*n + o, 2*s - f = 6*n - 4*n. What are the prime factors of s?
2, 3, 5
Let s(f) = -f**3 - 11*f**2 - f - 4. Let t be s(-11). Suppose -6*p + t*p = -2*p. Suppose -19*r + 13*r + 126 = p. List the prime factors of r.
3, 7
Let z(f) = -f**3 + 3*f**2 + 6*f - 2. Let n = 74 + -70. Let q be z(n). List the prime factors of (-2)/q*(1 - 670).
223
Suppose 0 = -0*h + 9*h - 16200. Suppose 0 = 8*a - 11*a + h. Suppose 0 = 11*m - 16*m + a. List the prime factors of m.
2, 3, 5
Let n = -8391 - -11902. List the prime factors of n.
3511
Suppose -59*q = -40*q - 32*q + 71175. What are the prime factors of q?
3, 5, 73
Suppose 0 = -3*c - 2*c + 5*t + 10, 5*c - 4*t = 12. Suppose 647 = 3*i + 2*s, 0 = c*i + 7*s - 6*s - 856. List the prime factors of i.
3, 71
Let o(b) = 2*b**3 + 16*b**2 - 30*b - 21. What are the prime factors of o(11)?
31, 137
Suppose 6*a + 4987 = 25. Let x = a + 556. Let u = -172 - x. What are the prime factors of u?
3, 11
Suppose 95*g - 89994 + 21069 - 604530 = 0. List the prime factors of g.
3, 17, 139
Let n = 407 + -254. Suppose 10*c - c = n. Let o = 75 + c. List the prime factors of o.
2, 23
Let j(f) = 2*f**2 + 20*f - 16. Let r be j(15). Suppose 4*a + 2*m - 356 = r, -4*a - 4*m + 1092 = 0. List the prime factors of a.
2, 17
Suppose 0 = 1319*u - 1338*u + 421192. What are the prime factors of u?
2, 17, 163
Let l = 17744 + -7280. What are the prime factors of l?
2, 3, 109
Let p(h) = -11*h**3 - h**2 + 7*h + 7. Let f be p(-1). Suppose -5*s = 5*i - 860, f*i - 12*i + 3*s + 359 = 0. What are the prime factors of i?
5, 7
Let f(b) be the second derivative of b**4/12 + b**2 + 3*b. Let t be f(6). Let j = 67 - t. List the prime factors of j.
29
Let w(i) = -i**2 + 8*i + 7. Let h be w(7). Let n be 18/(-63) - 1564/14. List the prime factors of ((-18)/8)/(h/n).
2, 3
Suppose -6*x + 76 + 104 = 0. List the prime factors of (-2)/(12/x) - (-1077 - 0).
2, 67
Let i be (-2)/4*(-7 + 2 + -1). Suppose -i*h + x = -571 - 557, h - 360 = -5*x. List the prime factors of h.
3, 5
Let s = 18303 - -9972. What are the prime factors of s?
3, 5, 13, 29
What are the prime factors of 15 - 11/((-33)/4791)?
2, 13, 31
Let c(l) = -6*l - 3. Let s be c(16). Suppose 2*k - 2 = 0, -217 = -x - 4*k + 4. Let u = s + x. List the prime factors of u.
2, 59
Let q(n) = 62*n**2 + 260 - 75 - 111 - 75. Let u(t) = t**3 + 5*t**2 - t - 4. Let f be u(-5). List the prime factors of q(f).
61
Let p(z) be the first derivative of 92*z**3/3 - 3*z**2/2 - 3*z + 205. What are the prime factors of p(-2)?
7, 53
Let k(j) be the first derivative of 2*j**3/3 + 23*j**2/2 + 111*j + 39. List the prime factors of k(-8).
5, 11
Let g = 6 + -1. Suppose -3*y - 6*y = -378. Suppose g*f - 3*f = y. List the prime factors of f.
3, 7
Suppose -4*a + 1751 = 3*n, 0 = 5*n + 3*a - 1468 - 1465. Let g = n + -342. List the prime factors of g.
13, 19
Suppose -2*h - k + 7 = 0, 0*h + 3*h = k + 18. Let j(t) = -t**2 - 2*